18
2 + -7 + 13 + (-33 - (7 - 5))
-27
What is the value of (-3 - (-8 + -2 + 3)) + 4?
8
Calculate 7 + (2 - -8 - (15 + 0)).
2
(2 - (14 + (5 - 13))) + -4
-8
What is the value of (30 - ((-13 - -9) + 8 + 5)) + -8?
13
Calculate -7 - ((-3 - 29) + 16).
9
Calculate 8 + -13 - (-13 - (2 + -7 + 1)).
4
(3 - -2 - (27 - 12)) + 10
0
What is (-24 - -23 - 4) + 21?
16
211 + -175 + 4 + -17
23
What is 12 + -23 - -13 - (3 + -1 - -1)?
-1
6 - 2 - (-9 + 11 + 5)
-3
What is the value of -13 + (14 - (-12 - -11)) + -8?
-6
Calculate -36 + 13 - -17 - 5.
-11
Evaluate 9 + 21 + -33 - 11.
-14
What is -14 - (8 + 6) - -16 - (-18 - -1)?
5
What is the value of 0 - (-26 - (0 + -1)) - (-35 + 45)?
15
Evaluate 4 - 2 - -1 - -14 - (-14 + 4).
27
What is 20 - (23 + -23 + -1 + 2 + 6)?
13
Evaluate -1008 + 1001 + (10 - (2 + -1)).
2
What is 0 + 25 - (1181 + -1121)?
-35
(22 - 34) + 29 + -13
4
Calculate -46 + 37 - (1 + -15).
5
Calculate (-2 - -2) + 24 + (883 - 889).
18
Evaluate -29 - (-19 + -15 + 28).
-23
(3 - (19 - 8)) + 13
5
-6 + 52 + 5 + -30
21
0 - (3 - (3 + 2) - (-177 - -188))
13
What is the value of (29 - 0 - 2) + (-119 - -108)?
16
Calculate (13 + -12 - -9 - -9) + -6.
13
What is the value of -26 + 27 + 1 + 1 - 10?
-7
Evaluate 4 - (16 + -2 + -19).
9
(8 - (0 - -23)) + 15
0
Evaluate (55 - 46) + (9 + 6 - 6).
18
Evaluate 4 + (4 - ((4 - -3) + -12)).
13
(2 - (-3 - (-2 + 0))) + -5
-2
Evaluate 25 - (-39 + 12 + 22).
30
Calculate 5 + 7 + -6 + 0 + 15.
21
What is (27 - 4) + 19 + -37 - (2 + -14)?
17
What is 0 - 5 - (15 + -27 - (-19 + 0))?
-12
What is -2 - -5 - (-16 + (5 - -5))?
9
Calculate 12 - (-16 + 5 - -31).
-8
What is -15 - -11 - (-7 + -5 - 3)?
11
What is -10 - 0 - -3 - (-33 - (-3 + 4))?
27
What is (-11 - -4) + (-22 - -15 - (4 - 9))?
-9
78 + (16 + 21 - 79)
36
Evaluate 2 - (-9 + 7 - (-12 + 4)) - 3.
-7
Evaluate -6 + (2 - (6 - 13)) + -2 - -2.
3
(-37 - -39) + (11 - 1)
12
Evaluate (9 - 73 - -43) + 1 + 1.
-19
What is -1 + 3 - (-2 - -3 - (40 + -38))?
3
Evaluate (5 - -2) + (1 - -8) + 1 - 1.
16
-28 - -28 - (0 + -3 + -5 + -1)
9
Evaluate 2 + (-2 - -1 - -12).
13
What is the value of 34 + -55 + -7 + 44?
16
Calculate (2 - -19 - 12) + (-1 - 7).
1
What is the value of -6 + 0 - (-6 - (-6 + 12 + -11))?
-5
Evaluate 3 + 3 - (6 + 11) - (0 - 5).
-6
Evaluate (46 - 8) + -17 + -21.
0
(3 - -12) + -3 - 21 - 14
-23
What is (274 - 282) + (45 - 0) + -1?
36
Calculate (167 - 176) + -2 + -13 + 3.
-21
What is -28 - -19 - (3 + 8)?
-20
What is -1 + 4 - (23 + -13 - (5 - -3))?
1
18 - 21 - (0 + (1 + -2 - 2))
0
What is 11 - (9 + -11 + 7) - 6 - 6?
-6
What is -37 + -7 + 2 + -1 + (0 - -12)?
-31
What is (-5 - -9 - (-7 - 0)) + 3 + 22?
36
What is 381 + -367 - (-7 - -2)?
19
-4 + -4 + -4 + -3 + 6 - -11
2
6 + 4 + -20 + (50 - 24)
16
What is the value of 32 - 55 - -16 - (0 + -5 + -1)?
-1
What is the value of -758 + 775 - (-2 + -2)?
21
Calculate 15 + -18 - -3 - (-1 - (0 - -1)).
2
12 - (2 + 5 - (-44 + 23))
-16
2 - -4 - (-14 + 30)
-10
Evaluate -100 + 91 + (34 - -3).
28
What is -12 + (-10 - (-66 + 41))?
3
Calculate 17 - ((-36 - -29) + 42).
-18
What is the value of (-6 - -10) + (2 - -5) + -2?
9
Evaluate -40 + (20 - 0) - -8.
-12
60 - 63 - 1 - (-3 + (-2 - -1))
0
What is -30 + -25 + 10 + -1 + 12?
-34
What is the value of 6 - (-9 + (1 + 1 - (18 + -11)))?
20
What is -4 + 20 + -41 - 1?
-26
What is the value of -26 - (-6 + -8) - -3?
-9
Evaluate -5 + (-32 - -19) - -25.
7
Calculate (5 - (-5 + 1) - 20) + 54 + -3.
40
Evaluate -31 + (-31 - -75 - 30).
-17
What is the value of 5 + (7 + -3 - (5 - 4) - 4)?
4
What is the value of 1 + 4 - (62 - 61) - (0 - -1)?
3
What is (-5 - (0 - 1) - 0) + (999 - 1006)?
-11
Evaluate -2 - -19 - (10 + (-27 - -8) + -3).
29
Calculate 1 + -12 - (-67 + 57).
-1
14 + (10 - (-17 + 39))
2
Calculate (17 + 16 - 2) + -28.
3
Calculate 6 + -2 + 28 + -48.
-16
What is the value of -19 - (-30 + (30 - 16))?
-3
Calculate -19 + 13 - (1 - -1) - 0 - -5.
-3
What is -204 + 193 - (1 - 13)?
1
(-6 - -3) + -4 - (-6 + 13 + -5)
-9
Calculate (-56 - -27) + 0 + -13 - -9.
-33
What is the value of 18 - (0 - (-9 + 1))?
10
What is (-6 - 0) + -1321 + 1362?
35
Calculate -16 + -8 + -6 + (-4 - -7) + 0.
-27
0 + -34 + -3 + 0 - (476 - 479)
-34
Evaluate 15 - (-14 + 13 - -14).
2
Calculate -1 - (-10 - -33 - 12).
-12
5 - (-12 + (-4 - -18))
3
What is 21 + 6 - 27 - (2 - (8 + -1))?
5
What is 1 + -9 + 6 - 4?
-6
Evaluate -10 - (-10 + 3 + 3 + -12).
6
Calculate -12 - (2 + -12 + (-63 - -71)).
-10
-21 - (-51 - -15) - 23
-8
Evaluate (-25 - (16 - 4)) + 57.
20
Calculate -258 + 210 + (2 - -62).
16
0 + 6 + -27 + -14 + 19
-16
(-1 - -4 - 4) + (-9 - (-8 + -2))
0
6 + (-12 + -6 - 4) - -34
18
103 + -82 + (-16 - -4)
9
What is 20 + (-24 - 9) + 15?
2
Evaluate -28 + (43 - 18) - (2 + 5).
-10
(-208 - -218) + (1 - 20) + (-1 - 3)
-13
What is the value of 29 - (-3 + -2 - (-28 + 13)) - 9?
10
Calculate -40 - (8 - (103 + -92 - (-1 - -3))).
-39
What is the value of -15 - (-14 + -6 + 35 + -36)?
6
Calculate 0 - 22 - (7 - 1 - 11).
-17
What is the value of 46 + (-7 - 6) + -9?
24
What is -17 + (10 - 11) + 32?
14
Calculate (0 + -5 - -15) + 13 + -33.
-10
(4 - (-10 - -13)) + 12 + -22
-9
What is 0 + 13 - (-1180 - -1173)?
20
(7 - 1) + -3 + 8 + -5 - 16
-10
Calculate 5 + (1 - (11 + -1)) - (1 - 40).
35
Calculate 37 + -1 + (21 - (13 + 12)).
32
Evaluate -2 + (0 - -4) + 14 + -17.
-1
What is the value of (3 - 10) + -23 + 38?
8
Calculate 12 + -1 + 3 + 1 + -11.
4
What is 419 + -441 + 0 + 13?
-9
(4 + 8 - 18) + 2
-4
1 + -5 + (3 - 5 - -8 - 12)
-10
What is the value of -19 + (-44 - (-11 + -29)) + -1 + -1?
-25
(-13 + 23 - 12 - -5) + -15
-12
-1 + 1 - (-26 - 0 - -36)
-10
8 + (-12 - -9) + (7 - 4)
8
What is 1 + 12 + 8 + -15 + -5?
1
Evaluate -1 + 0 - (14 + -17 + 7).
-5
8 + (12 - 40 - -12 - -11)
3
-2 - 6 - (-10 + 6 + -5)
1
Calculate (4 - -8) + (-19 - -16) + (-39 - -2).
-28
Calculate 9 + (-13 - -6) - 2 - (0 - -1).
-1
(-2 - (0 - 22)) + (-296 - -295)
19
What is -9 + (29 + -17 - (4 + -5 + 10))?
-6
What is (-26 - (-15 - 25)) + -36?
-22
Calculate (-9 - 18) + 25 - -21.
19
What is (1 - -1) + 8 + (-203 - -200)?
7
What is the value of (7 - (10 + 4 + -2)) + -6?
-11
What is -14 - (2 + -10) - -3?
-3
What is the value of -18 - ((-41 - -22) + -10)?
11
What is (-39 - 1) + -189 + 217?
-12
What is the value of -5 - (11 - (12 - (6 - 8)))?
-2
Evaluate 4 - (27 + (7 - 20) - -1).
-11
What is 20 + 1 - 1 - (23 - 18)?
15
What is the value of -34 + -41 + 45 + 0 + 16?
-14
What is 3 + 1 + 22 - (24 - 49 - -34)?
17
What is -12 - (-5 + -15 + -19)?
27
(21 - 2 - 13) + 4
10
Calculate (1 - 10) + 38 + -29 + (-1 - -10).
9
Calculate (-1 - 0 - 0) + (-6120 - -6135).
14
(-1 - -10 - (-7 - -13)) + 6 + -6
3
What is the value of 7 + -21 - 2 - (-22 + 15 - -17)?
-26
What is the value of -15 + (15 - 2) + -8?
-10
(-6 - (-19 + 18)) + 10
5
What is 1 - (-29 - -23 - (-4 - -9))?
12
Evaluate 0 - (2 + (-22 - -13)).
7
2 + (-1 - 0 - 2 - -6) + 7
12
Evaluate (17 - 14 - 10) + -5.
-12
0 + (11 - (-1 - -8))
4
Evaluate -13 + 10 - (-7 + -3 + -3 + 2).
8
What is the value of (-16 - 0) + 7 + -1?
-10
Calculate (-7 - (5 + -12) - 4) + 20 + 1.
17
What is -1 + (-1 - (-13 - -5) - 2) - 9?
-5
11 + (-6 - ((3 - 5) + 4)) + -8
-5
73 + -82 - (9 - 0)
-18
What is -7 + 19 + (15 - 23)?
4
-41 + 52 + -26 + -8
-23
-18 - (15 - -8 - 47)
6
Evaluate 5 + -2 - 1 - (2 - (-4 - -6)).
2
Evaluate -3 + 12 + (80 - 82).
7
(22 - 7) + -9 - (-5 + (0 - 1))
12
What is (0 - -14 - 12) + -10 + -4?
-12
What is 12 - (15 - 0 - 10)?
7
Evaluate (0 - 21) + 8 - -20.
7
Evaluate (-19 - -7) + 15 + 2 + 12.
17
Calculate 10 + (14 - 13) + -18 + 8.
1
-10 - ((-4 - 10) + -5)
9
What is the value of 1 + -9 + 12 + (-3 - 7) + 3?
-3
Calculate 33 - (5 + 3 + -8 + 1 + 5).
27
-12 - (-1 + 6 + -12)
-5
Evaluate 9 - (24 + 10 - 11).
-14
Calculate -18 + -26 + (21 - 2) + -5.
-30
What is the value of 6 + (2 - 1 - 11) + 11?
7
What is 6 - ((9 + -3 - 7) + 0 + 4)?
3
-1299 - -1297 - (28 + 1)
-31
Evaluate 1 + 1 + (50 + -40 - 4).
8
Evaluate 21 - (3 - 2) - (-16 - -8 - -11).
17
What is 0 - -4 - (-17 + -2 + 8)?
15
Evaluate -8 + (4 - (9 - 8) - 1 - 0).
-6
What is -29 + 3 + 43 - 28?
-11
What is -44 + 59 - -58 - 44?
29
What is the value of 12 - (-8 - 7 - -29)?
-2
Evaluate 0 + (-23 - (-12 + 0)) + 19.
8
0 + -5 + 14 + 0
9
Evaluate (-7 - -20) + (-7 - 0) + -11.
-5
What is the value of 16 - (-47 + 17 + 25)?
21
What is -58 + 52 + -5 + -1 + 0?
-12
-5 + 20 + 5 + -11 + 0
9
Calculate -2 + 43 + -10 + 10 + 20 + -2